{"id":119,"date":"2025-07-02T10:39:13","date_gmt":"2025-07-02T08:39:13","guid":{"rendered":"https:\/\/www.lsv-suedtondern.de\/?page_id=119"},"modified":"2025-07-02T21:19:37","modified_gmt":"2025-07-02T19:19:37","slug":"home","status":"publish","type":"page","link":"https:\/\/www.lsv-suedtondern.de\/","title":{"rendered":""},"content":{"rendered":"\n<h2 class=\"wp-block-heading alignfull has-text-align-center\">Herzlich Willkommen <\/h2>\n\n\n\n<p class=\"has-text-align-center\">beim Luftsportverein S\u00fcdtondern e.V. am Flugplatz Aventoft !<\/p>\n\n\n\n<div style=\"height:12px\" aria-hidden=\"true\" class=\"wp-block-spacer\"><\/div>\n\n\n\n<div class=\"wp-block-group is-vertical is-content-justification-center is-layout-flex wp-container-core-group-is-layout-fa38c63a wp-block-group-is-layout-flex\">\n<h2 class=\"wp-block-heading\">Die Saison 2025 ist in vollem Gange!<\/h2>\n\n\n\n<p class=\"has-text-align-center is-style-default\">Wir fliegen, wenn das Wetter pa\u00dft, an jedem Wochenende, sonnabends und sonntags, au\u00dferdem an den Feiertagen (Himmelfahrt, Pfingstmontag&#8230;) und wer uns gerne besuchen m\u00f6chte, ist herzlich willkommen. Dabei ist es einerlei, ob nur auf eine Tasse Kaffee oder zum Mitfliegen.<\/p>\n<\/div>\n\n\n\n<figure class=\"wp-block-image aligncenter size-large is-resized\"><img decoding=\"async\" src=\"https:\/\/i0.wp.com\/flugplatz-aventoft.de\/wp-content\/uploads\/2018\/03\/105_2631-An-der-K%C3%BCste-n%C3%B6rdlich-F%C3%B6hr.jpg?fit=300%2C225&amp;ssl=1\" alt=\"\" style=\"width:645px;height:auto\"\/><\/figure>\n\n\n<p><b>&nbsp;&nbsp;&nbsp;&nbsp;&nbsp;&nbsp;&nbsp;&nbsp;&nbsp;&nbsp;&nbsp;&nbsp;&nbsp;&nbsp;&nbsp;&nbsp;&nbsp;&nbsp;&nbsp;&nbsp;&nbsp;&nbsp;&nbsp;&nbsp;&nbsp;&nbsp;&nbsp;&nbsp;&nbsp;&nbsp;&nbsp;&nbsp;&nbsp;&nbsp;&nbsp;&nbsp;&nbsp;&nbsp;&nbsp;&nbsp;&nbsp;&nbsp;&nbsp;&nbsp;&nbsp;&nbsp;&nbsp;&nbsp;&nbsp;&nbsp;&nbsp;&nbsp;&nbsp;&nbsp;&nbsp;&nbsp;&nbsp;&nbsp;&nbsp;&nbsp;&nbsp;&nbsp;&nbsp;&nbsp;&nbsp;&nbsp;&nbsp;&nbsp;&nbsp;&nbsp;&nbsp;&nbsp;&nbsp;Das wollen Sie auch erleben? &#8211; unsere aktuellen Angebote: <a href=\"https:\/\/www.lsv-suedtondern.de\/?page_id=126\/\">hier klicken<\/a><\/b><\/p>","protected":false},"excerpt":{"rendered":"<p>Herzlich Willkommen beim Luftsportverein S\u00fcdtondern e.V. am Flugplatz Aventoft ! Die Saison 2025 ist in vollem Gange! Wir fliegen, wenn das Wetter pa\u00dft, an jedem Wochenende, sonnabends und sonntags, au\u00dferdem an den Feiertagen (Himmelfahrt, Pfingstmontag&#8230;) und wer uns gerne besuchen m\u00f6chte, ist herzlich willkommen. Dabei ist es einerlei, ob nur auf eine Tasse Kaffee oder [&hellip;]<\/p>\n","protected":false},"author":1,"featured_media":0,"parent":0,"menu_order":0,"comment_status":"closed","ping_status":"closed","template":"","meta":{"footnotes":""},"class_list":["post-119","page","type-page","status-publish","hentry"],"_links":{"self":[{"href":"https:\/\/www.lsv-suedtondern.de\/index.php?rest_route=\/wp\/v2\/pages\/119","targetHints":{"allow":["GET"]}}],"collection":[{"href":"https:\/\/www.lsv-suedtondern.de\/index.php?rest_route=\/wp\/v2\/pages"}],"about":[{"href":"https:\/\/www.lsv-suedtondern.de\/index.php?rest_route=\/wp\/v2\/types\/page"}],"author":[{"embeddable":true,"href":"https:\/\/www.lsv-suedtondern.de\/index.php?rest_route=\/wp\/v2\/users\/1"}],"replies":[{"embeddable":true,"href":"https:\/\/www.lsv-suedtondern.de\/index.php?rest_route=%2Fwp%2Fv2%2Fcomments&post=119"}],"version-history":[{"count":19,"href":"https:\/\/www.lsv-suedtondern.de\/index.php?rest_route=\/wp\/v2\/pages\/119\/revisions"}],"predecessor-version":[{"id":256,"href":"https:\/\/www.lsv-suedtondern.de\/index.php?rest_route=\/wp\/v2\/pages\/119\/revisions\/256"}],"wp:attachment":[{"href":"https:\/\/www.lsv-suedtondern.de\/index.php?rest_route=%2Fwp%2Fv2%2Fmedia&parent=119"}],"curies":[{"name":"wp","href":"https:\/\/api.w.org\/{rel}","templated":true}]}}